3?
-12303020432
In base 3, what is 112011000110121 - -22?
112011000110220
In base 2, what is 1000101101101110010101 - 100?
1000101101101110010001
In base 6, what is 33223155122 + 3?
33223155125
In base 3, what is 22 + -222200000112111?
-222200000112012
In base 4, what is -11 - -1232323011?
1232323000
In base 6, what is -413331043 + -1?
-413331044
In base 2, what is -101 + -100011000010010000000011?
-100011000010010000001000
In base 9, what is 58882601 + 2?
58882603
In base 16, what is -eb2cf - -2?
-eb2cd
In base 3, what is -2200022122020011 - -12?
-2200022122012222
In base 12, what is -1 - -a30118?
a30117
In base 7, what is -1331545112 - -2?
-1331545110
In base 2, what is -1000011 + -1110001101101101?
-1110001110110000
In base 8, what is 51 + 227734?
230005
In base 4, what is 1 - -32301133031200?
32301133031201
In base 13, what is -5 - -aa27a0?
aa2798
In base 9, what is 11863074 - 5?
11863068
In base 10, what is 594 + -155214?
-154620
In base 15, what is -1a9453d + -4?
-1a94542
In base 6, what is 324 + 2421043?
2421411
In base 11, what is -305 - -14097?
13892
In base 7, what is -6615 - -1420430?
1410512
In base 12, what is -4 - -b2b7720?
b2b7718
In base 13, what is -45ac7 + 19?
-45aab
In base 6, what is 11 - 31321212?
-31321201
In base 16, what is c05e3b3 - -1?
c05e3b4
In base 11, what is -44124 - -36?
-44099
In base 10, what is 301684 - 1911?
299773
In base 2, what is 100110100100000000 + -1111000?
100110100010001000
In base 2, what is 10100100010011001001010 + 0?
10100100010011001001010
In base 2, what is 1000001111100000100 - 1000010000101?
1000000111001111111
In base 7, what is 26316 - 205253?
-145634
In base 14, what is 471434 - 6?
47142c
In base 7, what is 4 + 124652123?
124652130
In base 5, what is -301232 + -40123?
-341410
In base 8, what is -1330 - 30076?
-31426
In base 9, what is 65072 + 847?
66030
In base 4, what is 1013102 - -3112312?
10132020
In base 7, what is 263 - 116445?
-116152
In base 5, what is -1 - -1202111441?
1202111440
In base 8, what is -1141 - -321652?
320511
In base 7, what is -14166111235 + -2?
-14166111240
In base 4, what is 12302013013 - -202?
12302013221
In base 5, what is 104 + 1024132410?
1024133014
In base 6, what is -1013222501 + 22?
-1013222435
In base 2, what is -1000 + -101000100101010001010?
-101000100101010010010
In base 13, what is -97 - 3045?
-310c
In base 13, what is 1 - -4341338?
4341339
In base 10, what is -1 - -8478981?
8478980
In base 16, what is 298fa + -9d0?
28f2a
In base 4, what is -132300113311 - 1?
-132300113312
In base 10, what is -406 - 1024730?
-1025136
In base 11, what is 8679a + -253?
86547
In base 12, what is -1a59 - -26260?
24403
In base 7, what is -3 - 24413554?
-24413560
In base 7, what is -3 - -31266526?
31266523
In base 11, what is 6003a - -260?
6029a
In base 15, what is 6cc0a + -73?
6cb87
In base 12, what is -3 + 30123a4a?
30123a47
In base 10, what is 202117526 - -4?
202117530
In base 11, what is -4 - -4900866?
4900862
In base 2, what is -10000001011 + 101010000010?
11001110111
In base 16, what is 1c - -2bc3f?
2bc5b
In base 7, what is 524 - 31055415?
-31054561
In base 16, what is -562f4 - 30?
-56324
In base 12, what is -1 + -1223a00?
-1223a01
In base 9, what is 210547 + -5307?
204240
In base 13, what is 1125 + -25539?
-24414
In base 13, what is 13aa4cc2 + 4?
13aa4cc6
In base 14, what is -1 + 1d3229b7?
1d3229b6
In base 2, what is 111001001011 + -1100100111010100?
-1011101110001001
In base 16, what is 1931ff4 - 1b?
1931fd9
In base 6, what is 1035 - 1035555?
-1034520
In base 2, what is 1101111001011011000 - -100?
1101111001011011100
In base 10, what is 13 - -6709072?
6709085
In base 8, what is 0 - 24620466?
-24620466
In base 3, what is -12 + -100120212122012021?
-100120212122012110
In base 7, what is 3 - 1223541?
-1223535
In base 9, what is -866646 - -888?
-865647
In base 11, what is -4516406 - -2?
-4516404
In base 8, what is -257677 + -10040?
-267737
In base 8, what is 141431236 - 32?
141431204
In base 10, what is 40 + 145556?
145596
In base 10, what is -11563044 - -22?
-11563022
In base 11, what is 0 - -6915a21?
6915a21
In base 6, what is -203 - -203010?
202403
In base 14, what is 4 - -525494?
525498
In base 5, what is 1201340 + 120124?
1322014
In base 6, what is 524 - -15332431?
15333355
In base 6, what is 1505 + -2542410?
-2540501
In base 2, what is -1011010111 + 1010110111000?
1001011100001
In base 10, what is -8 + 43603575?
43603567
In base 15, what is -16c49e8 - 0?
-16c49e8
In base 7, what is 10144016 - 6?
10144010
In base 3, what is 110111221011 + -102?
110111220202
In base 14, what is -202 - -5551?
534d
In base 7, what is -2114335 - 1052?
-2115420
In base 8, what is -214110 - -1134?
-212754
In base 12, what is 1bb8101 + 24?
1bb8125
In base 15, what is -1dd461 + 10?
-1dd451
In base 6, what is 231 + 10345?
11020
In base 7, what is -23 + 11466343?
11466320
In base 6, what is 150302 + -1221?
145041
In base 3, what is -20 + 120110002210012?
120110002202222
In base 2, what is -10101000101110110 + 10101010100?
-10100110000100010
In base 5, what is 10 - -21333423?
21333433
In base 12, what is -144641 + 1?
-144640
In base 13, what is -5 + 4b65219?
4b65214
In base 7, what is -2 + -10043503?
-10043505
In base 8, what is -305 + -565547?
-566054
In base 2, what is 100011011000110010010001 + -1?
100011011000110010010000
In base 6, what is 21 - 155040153?
-155040132
In base 10, what is -3999 - -323?
-3676
In base 8, what is 1001 - -4532625?
4533626
In base 11, what is -50 + 2725565?
2725515
In base 8, what is -75136 + 156?
-74760
In base 15, what is 11d0e47 + 8?
11d0e50
In base 5, what is -4 - -2024010?
2024001
In base 10, what is 10 + 2095828?
2095838
In base 2, what is -100 - 101101001100110111011000?
-101101001100110111011100
In base 16, what is -92bc3 + -26c?
-92e2f
In base 3, what is -12002210 + 21112100?
2102120
In base 9, what is 864638 - 42?
864586
In base 6, what is -10022 + -2215024?
-2225050
In base 3, what is 101101111011110 + 12?
101101111011122
In base 11, what is -1643596 - -5?
-1643591
In base 11, what is 1692191a5 + 3?
1692191a8
In base 11, what is 241 - 33a812?
-33a581
In base 5, what is -10443241 - 34133?
-11032424
In base 4, what is -2300 - 333231120?
-333300020
In base 8, what is -13437 - -637?
-12600
In base 5, what is 143344221 - 142?
143344024
In base 6, what is -242454 + 154454?
-44000
In base 4, what is -102302133 - -1000?
-102301133
In base 13, what is -1c - 1b45b76?
-1b45b95
In base 3, what is -1022121122001112 + 101?
-1022121122001011
In base 6, what is -1 - 545343415?
-545343420
In base 4, what is 221302223312 - 130?
221302223122
In base 3, what is -2012200 + -2222210102?
-10002000002
In base 12, what is -489 + 15274?
149a7
In base 15, what is -615e823 - 6?
-615e829
In base 7, what is -534335 - 321?
-534656
In base 5, what is -1432 + -20042310?
-20044242
In base 14, what is 2b44 - 125?
2a1d
In base 9, what is -53031 - -153?
-52767
In base 16, what is -10 + 1544db?
1544cb
In base 14, what is 1a243a + 6?
1a2442
In base 4, what is -21302 + 21220002?
21132100
In base 5, what is 21313022 + 142?
21313214
In base 9, what is -2857 + -5155?
-8123
In base 12, what is -23 + -1303855?
-1303878
In base 8, what is -24434 - 123?
-24557
In base 11, what is 23a + -70965?
-70726
In base 5, what is -133243 + -1010213?
-1144011
In base 3, what is -110111002210202 + 12002?
-110111002121200
In base 11, what is -77776 + 84?
-776a2
In base 6, what is 11 - 1432343?
-1432332
In base 7, what is 23612 - -131431?
155343
In base 9, what is -62 + -72646?
-72718
In base 13, what is -c6a26 - 158?
-c6b81
In base 12, what is 0 - -16560784?
16560784
In base 16, what is 1ef3 - -a32?
2925
In base 4, what is 120201103001 - 230?
120201102111
In base 4, what is 1 - 312131101011?
-312131101010
In base 12, what is 0 + -27b21b07?
-27b21b07
In base 4, what is 2030 + -103023300?
-103021210
In base 16, what is aa33b + 1d?
aa358
In base 9, what is -1112888 + 12?
-1112876
In base 4, what is -32301132 + 1200111?
-31101021
In base 16, what is 2f52 + 112?
3064
In base 8, what is 3 + -22436276?
-22436273
In base 3, what is -11 - 101010012110?
-101010012121
In base 14, what is -25250 - -6?
-25248
In base 3, what is -102001020 + -22011102?
-201012122
In base 14, what is 8 + 16d4a3?
16d4ab
In base 15, what is 